= -8*b**2 + 103*b**3 - 208*b**3 + 3*b**2 - 4*b + 106*b**3 - 3. Determine d(6).
9
Let m(g) = -g**2 + 8*g - 5. Suppose -4*a = -a - 5*s + 13, 4*s = -2*a + 28. Suppose -9*q = -a*q - 30. Give m(q).
7
Let x(u) be the second derivative of u**7/840 + u**6/72 - u**5/15 - u**4/12 + 11*u**3/6 - 48*u. Let b(y) be the second derivative of x(y). Calculate b(-6).
10
Suppose -o - 4*t = -12, -5*o = -2*o - 5*t + 32. Let u(p) = -p**2 - 3*p + 8. Give u(o).
4
Let h(c) be the first derivative of -1/4*c**4 - 7/2*c**2 - 5*c + 3 - 7/3*c**3. Calculate h(-6).
1
Let o(k) = 42 - 42 - 3 + 7*k. Suppose -2*n = -6 + 2. Calculate o(n).
11
Let n = -343 + 338. Let j(g) be the first derivative of g**4/4 + 4*g**3/3 - 5*g**2/2 - g + 3. What is j(n)?
-1
Let w(o) = 15*o - 54*o + 20*o - 4 + 18*o. Calculate w(6).
-10
Let l(n) be the second derivative of -n**5/60 + n**4/12 + 25*n**3/6 - 8*n. Let f(a) be the second derivative of l(a). Calculate f(-5).
12
Let c = 3264 + -3260. Let z(u) be the second derivative of u**4/12 - u**3/3 + 2*u. Calculate z(c).
8
Let o = -1858 + 1857. Let x(s) = 16*s**2 + 2*s + 1. Determine x(o).
15
Let u = 13 + -15. Let d(i) = 2 - i - 1 + 0*i + 5*i. Give d(u).
-7
Let y = 15 + -9. Let l(g) = 5*g + 3 - y*g**2 + 2*g**2 - 2 - 4 + g**3. What is l(3)?
3
Let a(y) be the first derivative of 14/3*y**3 - 12*y - 1/4*y**4 - 6*y**2 - 2. Let q be a(13). Let s(j) = 2*j**2 + j. Determine s(q).
3
Let d(h) = 2*h**2 - 6*h + 2*h**2 + 5 + 0 - 5*h**2 - 3. Give d(-6).
2
Let l be (0/(-3))/(3/(-3)). Let g(v) = v + 13. Calculate g(l).
13
Let t = 1 - 2. Let o(i) be the third derivative of 5/24*i**4 + 1/6*i**3 - 15*i**2 + 0*i - 2. Determine o(t).
-4
Suppose -2*j = -3*z - 2, 2*j + z - 2*z = 2. Let r(k) = k**3 - j - 5*k**2 + 3*k**2 + k**2 - k. Let l be -4 + 3 - 2 - -3. Calculate r(l).
-1
Let t(b) = b + 3. Let m(a) = -a + 1. Let y = 8 - 6. Suppose 5*h + g = 8, -2*h = -7*g + 4*g + 7. Let q(u) = h*t(u) + y*m(u). Give q(4).
1
Let r(z) be the first derivative of z**3/3 - z**2/2 - 9*z - 812. Calculate r(3).
-3
Let d(g) = -g**2 - g - 2. Suppose -4*b = -b - 2*w + 1331, -5*b - 2221 = -2*w. Let v = b - -277. Let s be (-3)/5 - v/(-70). Give d(s).
-8
Let t(z) be the second derivative of -z**3/6 - 3*z**2 + 11*z - 3. Let n = 4 + -9. Determine t(n).
-1
Let l(k) = 2*k**3 + 2*k**2 - 3*k + 2. Suppose 0 = -25*z + 20*z - 4*b - 3, 0 = 4*b - 12. Give l(z).
-25
Let x(s) = 4*s**3 + s**2. Suppose -13 = -2*g + 17. Let d be (-21)/9 - (-20)/g. Calculate x(d).
-3
Let n be (12/(-14))/(1/(-7)). Let l be 2 + -7 - (-2)/((-6)/(-21)). Let p(t) = -n*t**2 + 2*t + l - 4*t**2 + 9*t**2. Give p(3).
-1
Let s(j) = 4*j - 10. Let g = -19 + 16. Let i(d) = -2*d + 5. Let t(h) = g*s(h) - 5*i(h). Determine t(8).
-11
Let t = 7 - -1. Suppose -2*q = 5*v - 17 - 12, -q = -2*v + t. Let m(c) = -13*c + 6. Let g(x) = 16*x - 6. Let i(w) = 4*g(w) + 5*m(w). Give i(v).
1
Suppose -3*k = 3*d, -3*k - 2*k + d = -30. Let h(t) = 3*t**3 + 13*t**2 + 3*t. Let x(m) = -8*m**3 - 37*m**2 - 8*m. Let p(z) = -11*h(z) - 4*x(z). Calculate p(k).
-5
Let t(u) = u + 1. Let r be t(2). Suppose r*m + 6 = 2*m. Let q(n) be the second derivative of -n**3/6 - 5*n**2/2 - 489*n + 2. What is q(m)?
1
Let j(w) = w**2 - 5*w + 4. Let a = -3 - -7. Suppose -a*i = -i + 9. Let c be (4/(-3))/(1/i). What is j(c)?
0
Suppose -4*o = -4*m - 12, 0 = -5*o - m + 2*m + 15. Let r(g) = g**2 + g - 1 - 109*g**o + 0 + 106*g**3. Let f be (6/9)/((-2)/(-3)). What is r(f)?
-2
Let g(x) = -x + 1. Let a(o) = 8*o - 6. Let s(w) = 9*w - 7. Let l(n) = -6*a(n) + 5*s(n). Let q(b) = 4*g(b) - l(b). Calculate q(8).
-5
Let q(r) be the third derivative of -r**5/60 + r**4/3 - r**3/3 + 10*r**2 + 2. Determine q(4).
14
Let c(t) = -2*t**2 - 3*t + 2. Let z(g) = 3*g**2 + 4*g - 3. Let x(l) = -8*c(l) - 5*z(l). Suppose -r - 8 = r, 0 = 4*k - 3*r. Let p = -7 - k. Give x(p).
-1
Let l(b) = 8*b - 2. Suppose -4*v + 10 = 3*s + 2, v + 3*s + 7 = 0. Suppose -5*f = -2*u + 16 - 2, 0 = 5*f + v*u. Give l(f).
-18
Let m(s) be the third derivative of 0*s**4 - 1/60*s**5 + 5/2*s**3 + 0 + 0*s + 9*s**2. Calculate m(0).
15
Let f(n) be the first derivative of -n**5/60 - n**4/12 - n**3/6 - 2*n**2 - 5. Let m(j) be the second derivative of f(j). Suppose y - 4 = -7. Determine m(y).
-4
Suppose -67 = 20*p + 173. Let c(m) = 3*m + 3. Determine c(p).
-33
Suppose -o - 3*o = 2*r - 4, 5*r + 2*o = 2. Suppose 0 = -r*g + 3*g. Let a(v) = -v**3 + 24*v + 7 - 24*v. Give a(g).
7
Suppose -5*g + 6*g = 1. Let j be 2 + (1/1 - g). Let m(w) = -w**2 + 4*w - 2. What is m(j)?
2
Let z be 5 + (0 - 1) + -1. Suppose v + 6*f = 2*f + 19, 4*v - z*f = 0. Let u(c) = 3*c. Calculate u(v).
9
Let t(p) be the second derivative of -p**5/20 + p**4/6 - p**3/6 - p**2 - 264*p. What is t(2)?
-4
Let r(u) be the third derivative of 0 - 1/6*u**3 - 1/8*u**4 - 6*u**2 - 1/30*u**5 + 0*u. Suppose -15 = -c + 6*c. Determine r(c).
-10
Let s(f) = -4*f + 13. Let g(m) = m. Let w(u) = -5*g(u) - s(u). Suppose -29 = -3*n + 2*j, 0 = 3*n + 5*j - j - 23. Let z be (9 - 6) + n*-1. Determine w(z).
-7
Let n(c) be the first derivative of c**4/4 - 5*c**3/3 - c**2 - 8*c - 1. Suppose -b = -4*x - 6, -2*b - 2809*x + 12 = -2813*x. Give n(b).
16
Let r(p) be the first derivative of p**3/6 - 5*p**2 + 17*p - 12. Let i(v) be the first derivative of r(v). Determine i(6).
-4
Let p(b) = b**3 - 5*b**2 + 5*b - 4. Let d(m) = m**3 - m + 1. Let q be d(-2). Let f = 5 + q. Suppose f = c + j - 1, -j - 1 = 2. Calculate p(c).
0
Let k(g) = -g**2 + 6*g - 11. Let q be k(4). Let z be -1 + -5 + 9 - q. Let l(n) = -n**2 + 3*n - 3. Determine l(z).
-21
Let n(h) = 2*h**2 - h - 4. Suppose -88 - 8 = -24*z. What is n(z)?
24
Let g(c) = c**2 - 7*c + 1. Suppose -l = 4*l - 5*r - 295, r = -3*l + 173. Suppose h = -h + l. Suppose -o - h = -5*n, -2*n - 4*o + 4 - 10 = 0. Determine g(n).
-9
Let r(x) = x**2 - 6*x + 3. Let b(a) = 2*a + 33. Let j be b(-14). Suppose 0 = t - 0*t - y - j, -2*y - 20 = -4*t. What is r(t)?
-2
Let o(y) = 2*y**2 + 13*y + 1. Let f(x) = -x**2 - 6*x - 1. Let v(q) = -5*f(q) - 2*o(q). What is v(-3)?
0
Let n(k) be the second derivative of 15*k - 3/2*k**2 + 0 + 2/3*k**3 - 1/4*k**4. Calculate n(2).
-7
Let u be (-2 + 10/3)*3. Suppose -18 = -u*g - 2*g. Let f(r) = -4*r - 2*r**g + 7 + 5*r**3 - 4*r**2 - 2*r**3. Calculate f(5).
12
Let r(l) = -8*l**2 + l + 3. Let u(j) = 7*j**2 - 3. Let i = 23 - 30. Let s(q) = i*u(q) - 6*r(q). Suppose 23 = -f + 4*x, 4 + 2 = -2*f - 2*x. Calculate s(f).
-4
Let f(x) = -4*x - 579 + 284 + 289. Give f(-3).
6
Let m(i) = i - 6. Let o = -51 + 55. Let v be -1*(-2 + 2 + -1). Suppose -21 = -o*h - v. Give m(h).
-1
Let u be ((-4 - -6) + 0)*4. Let o(t) = -t**2 + 4*t + 30. Determine o(u).
-2
Let o(l) = -l + 15. Let j = -11 + -17. Let d = j + 35. Calculate o(d).
8
Let m(r) be the first derivative of 1/2*r**2 - 7*r + 16. Determine m(4).
-3
Let d = -543 + 544. Let i(z) be the second derivative of z**6/36 - z**5/60 + z**4/24 - z**3/3 - 3*z. Let c(r) be the second derivative of i(r). What is c(d)?
9
Let v(d) = 3*d**3 - 5854*d - 5851*d - 4*d**3 + 11709*d + 4*d**2 - d**2. Let p be 1 + (-1)/(-1) - -2. Give v(p).
0
Let g = -4 - 1. Let x(j) = 7*j**3 + 15*j**2 - 4*j + 5. Suppose d - 3 = 2*d. Let z(h) = 4*h**3 + 8*h**2 - 2*h + 3. Let y(c) = d*x(c) + 5*z(c). Give y(g).
-10
Let t(x) = x**2 + 7*x - 1. Let z = 953 + -959. Calculate t(z).
-7
Let c(y) = 4*y - 3 - 7*y - 2 - 3 + 3. Determine c(-5).
10
Let s(d) = 11*d + 7. Let p(z) = 6*z + 5. Let n(h) = -8*p(h) + 5*s(h). What is n(3)?
16
Let k(s) = s**3 - 12*s**2 - 8. Suppose 3*a - 40 = -p, -2*a - p = 4*p - 44. What is k(a)?
-8
Let t = 96 - 102. Let l(d) = -2*d + 1. Calculate l(t).
13
Let o(i) = -7*i**2 + 11*i + 5. Let g(m) = 15*m**2 - 23*m - 10. Let v(h) = 6*g(h) + 13*o(h). Suppose -1 = -3*k + 2. Let c be k/(((-8)/28)/(-2)). What is v(c)?
-9
Suppose -2*d = -4*u - 10, d - 2*u - 7 = 2*u. Suppose -2*k - 10 = d*k, -2*c - k + 6 = 0. Let l(a) = -a**2 - a. Give l(c).
-20
Let r(f) be the first derivative of 2*f**2 - f + 1. Suppose m = 460*v - 456*v - 6, 3*m + 8 = 2*v. What is r(m)?
-9
Let j(l) = -9 + 2*l - 10*l**3 - 12*l**3 + 8. Determine j(1).
-21
Let b(u) = u**3 - 9*u**2. Suppose 0 = -0*i - 3*i + 27. Let v be b(i). Let f(a) = -a**2 - 2 + 8*a + 0*a - a + v. Calculate f(4).
10
Let u(a) be the first derivative of a**6/120 + a**4/24 + 5*a**3/6 - 11*a**2/2 - 11. Let p(c) be the second derivative of u(c). Determine p(0).
5
Let z